e 10) to base 5.
-11
106 (base 16) to base 3
100201
What is 2 (base 11) in base 6?
2
Convert 17 (base 15) to base 9.
24
Convert 2 (base 7) to base 2.
10
-7 (base 8) to base 10
-7
0 (base 13) to base 11
0
-71 (base 13) to base 9
-112
What is 30 (base 6) in base 13?
15
Convert 24 (base 8) to base 14.
16
What is 3 (base 12) in base 4?
3
9 (base 10) to base 16
9
What is 2 (base 6) in base 8?
2
What is 4 (base 7) in base 11?
4
What is 0 (base 9) in base 16?
0
What is 1034 (base 5) in base 6?
400
Convert 65 (base 7) to base 6.
115
What is -110 (base 2) in base 5?
-11
Convert 3 (base 6) to base 9.
3
Convert 5 (base 8) to base 11.
5
What is 31 (base 7) in base 12?
1a
What is 62 (base 12) in base 6?
202
What is -14 (base 11) in base 14?
-11
Convert -2 (base 4) to base 16.
-2
Convert -1101000 (base 2) to base 13.
-80
Convert -120 (base 3) to base 6.
-23
What is -7b (base 16) in base 4?
-1323
108 (base 11) to base 16
81
Convert 3 (base 12) to base 3.
10
Convert 1 (base 2) to base 10.
1
Convert -3 (base 8) to base 16.
-3
What is -8 (base 15) in base 13?
-8
-43 (base 5) to base 8
-27
-440 (base 10) to base 2
-110111000
What is 9 (base 13) in base 14?
9
Convert 0 (base 6) to base 4.
0
What is 0 (base 5) in base 12?
0
Convert -152 (base 6) to base 12.
-58
What is -3 (base 8) in base 9?
-3
Convert 2 (base 15) to base 2.
10
What is -12 (base 15) in base 9?
-18
Convert -a8 (base 13) to base 4.
-2022
-63 (base 7) to base 6
-113
-17 (base 9) to base 8
-20
0 (base 5) to base 13
0
What is -1012 (base 4) in base 8?
-106
Convert -3 (base 9) to base 7.
-3
Convert 9 (base 13) to base 6.
13
Convert 15 (base 6) to base 2.
1011
Convert -2 (base 12) to base 7.
-2
What is 21121 (base 3) in base 11?
177
111 (base 4) to base 5
41
16 (base 16) to base 15
17
-10 (base 6) to base 3
-20
What is -103 (base 8) in base 9?
-74
What is 30 (base 12) in base 10?
36
-135 (base 11) to base 9
-186
What is 4 (base 15) in base 14?
4
Convert 20 (base 4) to base 5.
13
-3 (base 10) to base 4
-3
What is -444 (base 6) in base 9?
-211
Convert -131 (base 9) to base 5.
-414
3 (base 8) to base 2
11
What is -1120 (base 3) in base 8?
-52
Convert -18 (base 13) to base 11.
-1a
-1 (base 7) to base 15
-1
Convert 294 (base 10) to base 6.
1210
Convert -21 (base 16) to base 7.
-45
Convert 1020 (base 3) to base 2.
100001
Convert 8c (base 14) to base 6.
324
What is -110 (base 2) in base 11?
-6
What is 2 (base 6) in base 4?
2
-2a (base 11) to base 15
-22
Convert -130 (base 10) to base 5.
-1010
-4 (base 16) to base 3
-11
Convert 10 (base 6) to base 3.
20
What is -65 (base 7) in base 15?
-32
What is -24 (base 8) in base 11?
-19
Convert -303 (base 8) to base 5.
-1240
Convert -4 (base 10) to base 2.
-100
What is -7 (base 10) in base 5?
-12
What is -52 (base 10) in base 11?
-48
92 (base 14) to base 13
9b
Convert -18 (base 14) to base 7.
-31
-31 (base 4) to base 10
-13
Convert 150 (base 6) to base 4.
1002
95 (base 10) to base 3
10112
-12 (base 16) to base 9
-20
What is 9 (base 11) in base 15?
9
24a (base 12) to base 2
101011010
-5 (base 11) to base 9
-5
What is -1 (base 4) in base 13?
-1
25 (base 6) to base 11
16
What is -301 (base 7) in base 9?
-174
13 (base 4) to base 13
7
What is -59 (base 10) in base 15?
-3e
5 (base 11) to base 7
5
Convert -4 (base 8) to base 4.
-10
What is -11101 (base 2) in base 5?
-104
221 (base 3) to base 4
121
What is -2 (base 3) in base 4?
-2
What is 38 (base 9) in base 16?
23
110111 (base 2) to base 10
55
Convert 1303 (base 4) to base 16.
73
101 (base 3) to base 11
a
Convert 13 (base 6) to base 10.
9
-3 (base 14) to base 15
-3
Convert -17 (base 11) to base 3.
-200
313 (base 4) to base 6
131
What is -1021 (base 3) in base 11?
-31
What is 35 (base 15) in base 10?
50
What is 10 (base 14) in base 11?
13
Convert -13 (base 12) to base 7.
-21
What is 148 (base 14) in base 2?
100000100
Convert 9e (base 15) to base 3.
12112
-11 (base 10) to base 4
-23
3 (base 14) to base 10
3
Convert 1 (base 4) to base 7.
1
What is 101 (base 4) in base 8?
21
Convert -89 (base 14) to base 8.
-171
Convert 179 (base 10) to base 13.
10a
Convert -7 (base 8) to base 3.
-21
4 (base 5) to base 9
4
Convert 40 (base 11) to base 13.
35
What is 3 (base 8) in base 9?
3
Convert -33 (base 6) to base 11.
-1a
What is 1 (base 15) in base 7?
1
10 (base 13) to base 12
11
Convert -c (base 14) to base 8.
-14
7 (base 13) to base 8
7
-21 (base 3) to base 6
-11
-10111 (base 2) to base 3
-212
4 (base 6) to base 3
11
1 (base 15) to base 6
1
What is -18 (base 11) in base 2?
-10011
Convert 22101 (base 3) to base 4.
3202
What is -1 (base 5) in base 6?
-1
19 (base 11) to base 9
22
What is -14 (base 5) in base 3?
-100
Convert -d (base 15) to base 11.
-12
What is -22 (base 6) in base 13?
-11
100 (base 2) to base 16
4
-33 (base 7) to base 4
-120
Convert 2 (base 9) to base 12.
2
Convert 4 (base 7) to base 3.
11
What is -11 (base 3) in base 10?
-4
Convert 46 (base 7) to base 14.
26
Convert 38 (base 15) to base 11.
49
What is -8 (base 15) in base 11?
-8
What is -51 (base 6) in base 14?
-23
13 (base 4) to base 12
7
1211 (base 3) to base 8
61
Convert -3c (base 13) to base 3.
-1220
3 (base 4) to base 14
3
Convert -40 (base 5) to base 14.
-16
11 (base 13) to base 2
1110
What is 0 (base 14) in base 15?
0
What is -122 (base 3) in base 5?
-32
4 (base 14) to base 13
4
Convert 4 (base 16) to base 13.
4
1 (base 16) to base 10
1
What is 4 (base 8) in base 2?
100
0 (base 14) to base 3
0
150 (base 7) to base 4
1110
Convert 6 (base 16) to base 10.
6
14 (base 11) to base 4
33
Convert -13 (base 8) to base 10.
-11
What is 0 (base 12) in base 3?
0
What is 3 (base 9) in base 16?
3
What is 377 (base 8) in base 15?
120
Convert -15 (base 11) to base 6.
-24
Convert -a9 (base 11) to base 6.
-315
-6 (base 12) to base 16
-6
Convert -a (base 15) to base 10.
-10
Convert -432 (base 5) to base 14.
-85
-222 (base 4) to base 13
-33
What is 0 (base 2) in base 14?
0
Convert -411 (base 8) to base 5.
-2030
What is 27 (base 12) in base 11?
29
Convert 41 (base 11) to base 16.
2d
What is -10 (base 5) in base 3?
-12
What is -9 (base 14) in base 16?
-9
-3 (base 5) to base 3
-10
Convert 2 (base 3) to base 7.
2
10100 (base 2) to base 13
17
What is -12 (base 14) in base 3?
-121
What is -31 (base 13) in base 12?
-34
Convert d9 (base 14) to base 6.
515
What is -111 (base 4) in base 16?
-15
-50 (base 6) to base 14
-22
-33 (base 6) to base 4
-111
What is 11 (base 2) in base 14?
3
1 (base 6) to base 10
1
What is 55 (base 8) in base 10?
45
What is -3 (base 4) in base 15?
-3
22 (base 11) to base 8
30
Convert -107 (base 14) to base 10.
-203
What is -6 (base 7) in base 3?
-20
Convert -1052 (base 6) to base 2.
-11111000
Convert -9 (base 10) to base 15.
-9
Convert 4 (base 6) to base 9.
4
Convert 3c (base 13) to base 15.
36
Convert 0 (base 15) to base 12.
0
Convert 245 (base 8) to base 13.
c9
What is -3 (base 7) in base 6?
-3
Convert 1065 (base 7) to base 12.
286
What is 26 (base 15) in base 9?
40
What is 134 (base 5) in base 3?
1122
-2 (base 16) to base 5
-2
What is 4 (base 10) in base 4?
10
What is -1a8 (base 14) in base 10?
-344
What is -2 (base 8) in base 13?
-2
Convert -32 (base 4) to base 5.
-24
What is -3 (base 15) in base 9?
-3
Convert 5 (base 16) to base 6.
5
243 (base 6) to base 5
344
Convert -1011001 (base 2) to base 11.
-81
-230 (base 8) to base 15
-a2
What is 13 (base 10) in base 13?
10
Convert 6 (base 15) to base 4.
12
What is -102 (base 4) in base 15?
-13
-10 (base 6) to base 11
-6
What is 18 (base 14) in base 2?
10110
-4 (base 11) to base 3
-11
Convert 20 (base 3) to base 10.
6
What is -401 (base 5) in base 14?
-73
Convert -3 (base 5) to base 8.
-3
-3 (base 11) to base 9
-3
-43 (base 9) to base 11
-36
-333 (base 6) to base 12
-a9
Convert 13 (base 6) to base 4.
21
Convert -20 (base 5) to base 7.
-13
What is 3 (base 13) in base 12?
3
What is -7b (base 14) in base 4?
-1231
-210 (base 5) to base 11
-50
-5 (base 15) to base 8
-5
What is 0 (base 4) in base 3?
0
What is 2121 (base 3) in base 12?
5a
What is -96 (base 16) in base 4?
-2112
What is 35 (base 8) in base 6?
45
Convert -1 (base 13) to base 9.
-1
Convert -1000 (base 2) to base 3.
-22
Convert 77 (base 9) to base 5.
240
10 (base 6) to base 7
6
-1231 (base 4) to base 5
-414
-93 (base 13) to base 8
-170
What is -18 (base 9) in base 10?
-17